) = -y**3 - 3*y**2 + 3. Let t be r(-3). Suppose 0 = z + t*u - 27, 0 = -2*z + 3*u - 6 + 33. Calculate the greatest common factor of 90 and z.
18
Let o(m) = -2*m - 2. Let s be o(-4). Suppose -2*a - 6 = -u - 0*u, 0 = -5*u - 3*a + 43. Let w = u - 4. Calculate the highest common factor of s and w.
2
Let f be 2/2 - (-1 - 262). Suppose -f = -3*y + y. What is the greatest common divisor of y and 12?
12
Suppose 10*o - 9*o = 11. What is the highest common factor of o and 11?
11
Let z = -21 - -30. What is the highest common divisor of z and 36?
9
Let d = 2 + 2. Let r be 30/d*(-32)/(-12). What is the greatest common divisor of r and 50?
10
Let q(j) = -2*j + 2*j**2 + 4 - 2*j - 2. Suppose 2*v - 4*n - 18 = 0, -2*v + 4*v = 5*n + 21. Let c be q(v). Calculate the highest common factor of c and 2.
2
Suppose 0 = 5*f + 3*n - 87, -5*f + 71 = -2*n + n. Let r(h) = h + 4. Let v be r(-3). Let t be 118/v - (-1 + -1). Calculate the highest common factor of t and f.
15
Let z = -172 - -193. What is the greatest common divisor of z and 294?
21
Let n = 244 - 172. Suppose 0 = -2*i - 0*i. Suppose 5*l = -4*m + 36, 18 = 2*m - i*m - l. Calculate the highest common divisor of m and n.
9
Let g be (32/14)/((-68)/(-238)). Calculate the highest common factor of 32 and g.
8
Suppose 2*c = 3*c - 10. Let u(l) = l**2 - 8*l - 7. Let j be u(9). Let q be (-3)/j*-2 + 47. Calculate the highest common factor of q and c.
10
Let v(r) = 2*r + 10. Let i be v(0). Let f = 225 + -135. Calculate the highest common factor of i and f.
10
Let i(k) = 3*k**2 - 5*k - 5. Let b be i(-1). What is the highest common factor of b and 21?
3
Let i be (-78)/(-4) + 2/4. Calculate the greatest common factor of 10 and i.
10
Let t = -10 + 16. Let k be 75/t - 2/(-4). Suppose -z + k = -27. Calculate the greatest common divisor of z and 16.
8
Let p = -49 - -89. Let s = -10 + 15. Suppose -s*r = -r - 400. Calculate the highest common factor of r and p.
20
Suppose -5*y = -0*z + 2*z - 83, -4*y + 70 = -2*z. Suppose -2*s = -5*k + 89, k - 2*s - 72 = -3*k. Calculate the highest common divisor of y and k.
17
Let z(u) be the second derivative of -2*u**3/3 - 7*u**2/2 + 7*u. Let p be z(-3). What is the greatest common divisor of p and 10?
5
Let m = 27 - 17. Let h be (m + -30)*(-1)/4. Let u = 4 + -2. Calculate the greatest common factor of u and h.
1
Suppose 0 = -c + 5*w + 30, 3*c - 70 = -w - 4*w. Calculate the highest common divisor of 275 and c.
25
Let n be -4 + 11 - (2 + -1). Suppose -x + 17 + n = 0. What is the greatest common factor of x and 23?
23
Suppose 3*c = 153 - 63. What is the highest common divisor of 40 and c?
10
Let l = 146 - 130. Calculate the greatest common divisor of 80 and l.
16
Let l(q) = -q**3 - 23*q**2 - 27*q + 40. Let s be l(-22). Calculate the highest common factor of 5 and s.
5
Let t(m) = m**2 - 4*m - 2. Let r be t(-4). Let f = 2 - 5. Let l = 3 - f. Calculate the greatest common factor of l and r.
6
Suppose 2*g = 4*v + 36, 0 = 5*v + 6*g - 2*g + 71. Let p = -7 - v. Let c = 1 - -3. Calculate the greatest common factor of p and c.
4
Suppose -y = 4*y - 240. Let q = y - -29. Suppose -3*u - 51 - 18 = -3*b, 3*b = -5*u + q. Calculate the highest common factor of 36 and b.
12
Suppose -5*f = 2*x - 102, 0 = f - 2*f - 5*x + 25. What is the greatest common factor of 5 and f?
5
Let n(m) = m**2 - 15*m - 45. Let q be n(31). What is the highest common divisor of q and 41?
41
Let f = 5 - 0. Suppose -3*j - t = -5*j + 46, -62 = -3*j + f*t. What is the highest common factor of 12 and j?
12
Let b = 99 + -44. Calculate the greatest common divisor of b and 385.
55
Let x be (1 + -2)/((-2)/8). Let z(h) = 1 + h + 1 + h**3 - 4*h**2 + 3. Let r be z(x). What is the greatest common divisor of 6 and r?
3
Let h = -97 - -148. Calculate the greatest common divisor of h and 34.
17
Suppose 3*k = -2*k + 225. Let a(t) = -t**2 - 10*t - 2. Let g be a(-7). Let x = 28 - g. Calculate the greatest common divisor of x and k.
9
Let y = 33 - -82. What is the highest common divisor of 23 and y?
23
Suppose -3*h + 291 = -294. Suppose -h = -2*s - 3*s. Let y be -1 - (-2)/2 - -13. Calculate the highest common factor of s and y.
13
Suppose 3*u = 7*u + 5*z - 371, 0 = -5*u + 4*z + 515. Calculate the greatest common divisor of 11 and u.
11
Suppose 167 = 3*h + p, -93 = h - 3*h + 3*p. Let u = -3 - -4. Let z(v) = 5*v**2 + 2*v - 1. Let q be z(u). Calculate the highest common divisor of h and q.
6
Suppose 0 = 5*a - 11 + 36, 2*y - 133 = 5*a. Calculate the highest common divisor of y and 18.
18
Suppose o - 11 = 3*s - 47, -s + 4*o = -12. Suppose -324 = 14*r - 17*r. What is the highest common factor of r and s?
12
Let h = 7 - -1. What is the highest common divisor of 64 and h?
8
Suppose -13*w + 45*w - 3040 = 0. Let t be 1/(-4) + (-77)/(-4). Calculate the highest common divisor of t and w.
19
Suppose x + 4*x - 5*g - 525 = 0, -527 = -5*x + 3*g. Let o = x + -64. Let p(l) = -5*l + 3. Let s be p(-5). What is the greatest common divisor of s and o?
14
Let c(o) = o**3 - 14*o**2 + o - 7. Let t be c(14). Suppose -4*s = 3 - t. Calculate the highest common factor of s and 3.
1
Let a = -31 + 112. Suppose -4*c + a = 25. What is the greatest common factor of 28 and c?
14
Let u = -7 - -25. Let f = -9 - -26. Suppose -z - a = -3*z + f, -5*z + 4*a = -41. What is the greatest common divisor of u and z?
9
Let f be (2 - (3 + 2)) + 9/1. Calculate the highest common factor of 8 and f.
2
Let j = -4 - -10. What is the highest common factor of j and 3?
3
Let t be 0 - 4 - (-4 - -2). Let w be (3 - 1)*(-5)/t. What is the greatest common divisor of 5 and w?
5
Suppose 3*l = 5*l - 46. Calculate the greatest common factor of 253 and l.
23
Suppose 5*t = 2*s + 80, -t + s = 3 - 22. Suppose 4*p - 20 = 0, 2*q = -2*p + 6 + 2. Let j be q/(-2) + 275/10. What is the greatest common factor of j and t?
14
Suppose -b - 4*b = -4*p + 743, -5*p - b + 965 = 0. Calculate the highest common divisor of p and 24.
24
Let u = 76 - 54. Suppose 2*h = -3*m + 12, -5*h + 7 = -4*m - 0. Calculate the greatest common factor of u and m.
2
Let v be (((-81)/(-2))/(-3))/((-6)/8). What is the greatest common divisor of v and 27?
9
Let s be 6/21 - 1420/(-28). Suppose -54 - s = -k. What is the highest common factor of k and 21?
21
Let r be -2 - 2/((-6)/33). Suppose -4*a = -2*m - 16, 4*m + r = 1. Suppose -a*w - 24 = -75. Calculate the highest common factor of w and 136.
17
Let b(j) = 3*j + 3. Let i be b(3). Let u be 3/(-2)*i*-1. Let p = -28 - -30. Calculate the greatest common factor of u and p.
2
Let q be (-7 + 2)*(-6)/10. Suppose 0 = -0*k + q*k - 129. Suppose 0 = 4*p - k - 29. Calculate the greatest common divisor of p and 6.
6
Let k(c) = -2*c**3 + 6*c**2 + 5*c - 7. Let q be k(3). Calculate the highest common factor of q and 56.
8
Let m be -5*1*(-2)/(-2). Let y = 8 + m. Suppose -y*l + 8*l - 595 = 0. Calculate the greatest common divisor of 17 and l.
17
Suppose h = -h. Suppose -32 = -4*r - h. Suppose -127 = -4*s + 33. What is the highest common divisor of s and r?
8
Let y be ((-3)/(-2))/((-1)/8). Let f = -6 - y. Calculate the greatest common factor of 15 and f.
3
Suppose -504 = -d - 0*d. Suppose 7*k - d = 3*k. What is the highest common factor of 14 and k?
14
Let q be 80/4*2/5. Let h be 1/4 + 255/4. Calculate the greatest common factor of q and h.
8
Suppose -5*t + 73 + 2 = 0. Calculate the highest common factor of t and 5.
5
Let f(b) = -b. Let y be f(-5). Calculate the highest common divisor of 45 and y.
5
Let k = -93 - -185. Suppose -3*p = -2*f - 82, 3*f = -3*p + 7*f + k. What is the highest common factor of 8 and p?
8
Suppose 3*z - u = 8*z - 10, -2*z - 5*u + 27 = 0. What is the highest common divisor of z and 5?
1
Let v = -21 - -63. Calculate the highest common divisor of 462 and v.
42
Let w be (-1 + 6 - 4)*9. What is the greatest common factor of 27 and w?
9
Let a = -77 + 119. What is the highest common factor of 28 and a?
14
Let m = -103 + 137. What is the highest common factor of m and 136?
34
Let r(x) = -x**3 - 5*x**2 + 6*x + 9. Let m be r(-6). Calculate the greatest common factor of m and 18.
9
Suppose -4*r + 20 = 0, 4*j - 4*r - 5 = -r. Suppose -72 = -6*u + 4*u + 2*h, u - 52 = j*h. Calculate the greatest common factor of 16 and u.
16
Let t(j) = -2*j**3 + 4*j + 3. Let m be t(-2). Calculate the greatest common factor of m and 99.
11
Let